e of -p**5/20 - 2*p**4/3 - 7*p**3/6 + 4*p**2 + p. Suppose -12*l + 14 = -14*l. What is the units digit of y(l)?
8
Let k be -33*(5/3 + -2). Let w = k - -16. What is the tens digit of w?
2
Suppose -5*w + 3*w + 6 = 0. Suppose 0*l - 63 = -w*l. What is the units digit of l?
1
Suppose 0 = -5*c - 0*c - 45. Let w(d) = d**2 + 10*d + 11. Let q be w(c). Suppose 5*r = 4*u + 47, q*u + 29 = 2*r - 3*u. What is the units digit of r?
7
Let s(b) = b + b + 1 + 3 - 3. What is the units digit of s(1)?
3
Let x(s) = 3*s + 35. What is the units digit of x(12)?
1
Let i(m) = 3*m**2 + 2*m - 3. What is the units digit of i(3)?
0
Suppose -z = -6*z + g + 75, -z + 19 = -g. What is the tens digit of z?
1
Let c(o) = -o. Let n(u) = 13. Let w(h) = 2*c(h) - n(h). Let p be w(-9). Suppose -3 = -3*x - p*v, 5*x + 19 = 3*v + 58. What is the units digit of x?
6
Let o(z) be the second derivative of 2*z**3/3 + z**2/2 - z. What is the units digit of o(1)?
5
Suppose -j = -5*u - 3, 5*j - 5*u - 154 = -39. Let b = -4 - 14. Let t = j + b. What is the units digit of t?
0
Let f = -253 + 386. What is the hundreds digit of f?
1
Let r = 21 + -21. Suppose r = 3*t + 5*g - 26, -65 = -2*t + 4*g - 11. What is the tens digit of t?
1
Let n(h) = -h**3 + 6*h**2 + 7*h + 4. Let p be n(7). Suppose 0 = -c + 2*o + 10, 7*c = 2*c + p*o + 32. What is the units digit of c?
4
Let y(v) = v**3 - 5*v**2 - 6*v + 3. Let u be y(6). Suppose 2*r + 2*m - 29 = -u*m, 3*m + 5 = 2*r. What is the units digit of r?
7
Let h(x) = x**3 - 3*x**2 - 7*x - 2. What is the tens digit of h(6)?
6
Suppose -5*q + 6*n - n + 465 = 0, -3*q + 275 = -n. What is the tens digit of q?
9
Let a be 34/(-9) - (-4)/(-18). Let c(g) = -g**2 - 5*g - 3. What is the units digit of c(a)?
1
Suppose 2*l + f = -23, 2*l + 46 = -2*f + 20. Let z = l + 16. What is the units digit of z?
6
What is the tens digit of 2 - ((-6)/2 + -58)?
6
Let t = 0 - 2. What is the units digit of 2*t/(-4)*1?
1
Let j = 14 + -13. What is the units digit of j?
1
Let u = 48 + -34. Suppose 0*z + 4*z = -32. Let i = z + u. What is the units digit of i?
6
What is the tens digit of 88 + (2 - 7/3)*6?
8
Suppose 0 = -2*t + 3*x + 8, -2*x - 2 = 2*t - 0*t. What is the units digit of (-34)/(-3) + t/(-3)?
1
Let z(y) = -2 - 3*y + 6*y**2 - 2*y**3 + y + y**3. Let f = -22 - -27. What is the units digit of z(f)?
3
What is the units digit of 1/(-2*4/(-24))?
3
Let q(s) = s - 10. Let g be q(8). Let j(l) = -16*l - 3. What is the tens digit of j(g)?
2
Let i(v) = -v**3 + 1. Let a(y) = 5*y**3 - 7*y**2 - 2*y - 12. Let h(r) = a(r) + 6*i(r). Let x be h(-7). Let w = x + -7. What is the units digit of w?
1
Let a(p) = -p**3 - 7*p**2 - p + 6. Let w be a(-7). Let x = w + -7. What is the units digit of x?
6
Suppose -2*r - 3 = -3*r. Suppose 2*j + r*j = 10. What is the units digit of j?
2
Suppose -2*y = -5*y - 4*i + 13, -i = y - 5. Let x(a) = a**2 - 6*a - 1. Let m be x(y). Suppose -m = -0*f - f. What is the units digit of f?
6
Let n = 8 - 1. What is the units digit of n?
7
Let z(f) be the first derivative of -f**3/3 + f - 2. Let y be z(-2). Let n = y - -5. What is the units digit of n?
2
Suppose 5*y + 0*j - 54 = -j, -j = 1. Let r = y + -4. What is the units digit of r?
7
Let t(i) = 3*i - 13. Let s(y) = -3*y. Let g be s(-3). Let b be t(g). What is the units digit of b*(14/4 - 3)?
7
Suppose -3*u + 2 = -u. Suppose -5*p + 10 = -3*x - u, 3 = x. What is the units digit of p?
4
Let s(f) = f**2 - 9*f - 2. Let k be s(4). Let w = k - -36. What is the units digit of w?
4
Let y(t) = 26*t - 14. What is the units digit of y(4)?
0
Let z = 78 - 32. What is the tens digit of z?
4
Let n(h) = 42*h - 3. Let u be n(4). Suppose 7*r - 2*r = u. What is the tens digit of (-1)/(0 + (-3)/r)?
1
Let u be 78/(-2) + 0 + -2. Let j = -18 - u. What is the tens digit of j?
2
Suppose 0 = k + k - 76. What is the tens digit of k?
3
What is the tens digit of (110/(-3))/((-4)/6)?
5
Let k be 1/1*(1 + 0). Suppose 0 = x - 4 + 5. What is the units digit of (k - (-1 - x))*5?
5
Let f be (4/3)/((-4)/18). Let j(x) be the first derivative of x**2/2 + 7*x - 1. What is the units digit of j(f)?
1
Let i = -177 + 254. What is the units digit of i?
7
Let l = 12 + -2. What is the tens digit of l?
1
Suppose 8 = t - 2*r, -4*r - 14 = -t + r. What is the units digit of (-7)/(-1) + (t - 4)?
7
Suppose -o + 0 + 2 = 0. Suppose -o*i - 49 + 9 = 0. What is the units digit of (i/6)/(2/(-6))?
0
Let w = 6 - -5. Let u = 3 - 4. Let t = w - u. What is the units digit of t?
2
Let w = -5 + 15. What is the tens digit of w?
1
Suppose 0 = 5*o - 3*p + 11, -4*p = -2*o - 0*p + 4. Let t(u) = -u**2 - 10*u - 5. What is the units digit of t(o)?
9
Let k(c) = 3 - 6 + 0 + 8*c. Let m be (3*8/6)/2. What is the tens digit of k(m)?
1
Let x(c) = c**3 + 12*c**2 - 16. What is the hundreds digit of x(-11)?
1
Let z = -51 + 208. What is the hundreds digit of z?
1
Suppose 0 = -4*t + 24 - 8. Suppose -4*u - 3*c = 153, t*u - c + 150 = -3*c. Let m = 52 + u. What is the units digit of m?
6
Let n(i) = -7*i - 1. Let l(q) = -3*q + 0*q + 4*q. Let y(r) = 5*l(r) + n(r). What is the units digit of y(-1)?
1
Suppose -3 = -3*f + 3. Let z = -1 + f. What is the units digit of z?
1
Let u be (-1)/3 - 472/(-12). Suppose -5*h - 4*s - 127 = 0, 4*h = -2*s - s - 102. Let n = h + u. What is the tens digit of n?
1
Suppose -5*h = -3*q + 1068, -262 = -q - 4*h + 94. What is the tens digit of q?
5
Let k(y) = 6*y**2 + 5*y - 5. What is the units digit of k(2)?
9
Suppose -2*x + 4*x = 8. Suppose 5*i + 17 = -x*f, 0 = 3*i + 9 + 6. What is the units digit of f/3*3/2?
1
Let a = -28 - -4. Let z = -13 - a. What is the tens digit of z?
1
Suppose -4*q + 3*q = -2. Suppose 3*x - 23 = -4*u, 3*u + q*u + x = 37. What is the units digit of u?
8
Let s(h) = -2*h. What is the units digit of s(-2)?
4
Let o(k) = -k**3 + 11*k**2 + 4*k - 15. Let v be o(11). Let l = v + -3. What is the units digit of l?
6
Let f(o) = 7*o + 4. Let h(u) = -133*u - 77. Let g(c) = 77*f(c) + 4*h(c). Let w be g(-1). Let k = -5 - w. What is the units digit of k?
2
Let m be 4/(0 - -2) - -2. Suppose w - 7 = -4*o, -3*w + 5 = m*o - 0. What is the units digit of (-3 - -4)*(-6)/w?
6
Let j be (4 - -99) + (-2)/(-2). Suppose -x + j = 4*w - w, -w = 2*x - 33. What is the units digit of w?
5
Let t be 4/(-6) + (-42)/(-9). Let n = -22 + 33. Suppose -n - 13 = -t*c. What is the units digit of c?
6
Let i be (188/10)/(12/30). Let d = -33 + i. What is the tens digit of d?
1
Let p(c) = -c**2 + 7*c - 7. Let y be p(6). Let b be 20/4 - (y - 0). Suppose 0 = b*n - 3*n - 12. What is the units digit of n?
4
Let l = -10 + 15. What is the units digit of 1*(l + 0 + 2)?
7
Suppose -b = -2*b - 15. Let l = b - -11. What is the units digit of (-260)/(-25) + l/10?
0
Let j(v) = v**2 - 5*v - 4. Suppose 35 = 8*i - 3*i. What is the tens digit of j(i)?
1
Let l(p) = 2*p + 2. Suppose 2 = 3*n - 7. What is the units digit of l(n)?
8
Let u be 130*(9/6 + -2). Let f be (-2)/9 - u/9. What is the units digit of (-3)/9*f*-3?
7
Suppose -i = -2*i + 17. Let m = i + -9. What is the units digit of m?
8
Let n(k) = k**2 + 6*k + 7. Let z be n(-5). Let y(w) = w + w**3 - 3*w + 4*w**2 + w + 4*w**z + 6. What is the units digit of y(-8)?
4
What is the units digit of ((-4)/(-6))/((-2)/(-75))?
5
Suppose 0*t + 4*t - 12 = 3*s, -3*t = -3*s - 6. Suppose 5*a = t + 34. What is the units digit of a?
8
Let i = 64 - 46. What is the units digit of i?
8
Suppose 5*t - 5*o - 35 = 35, 5*t - 77 = -2*o. Let i = 0 + t. What is the tens digit of i?
1
Suppose 0*l = -2*l + 16. What is the tens digit of 1719/36 + 2/l?
4
Let l be (-2)/3 - (-68)/12. Suppose 0 = 2*b - s - 30, l*b = s + 2*s + 74. What is the units digit of b?
6
Let z be -5*((-9)/(-15) - 1). Let i be z + -33 + (0 - 1). What is the tens digit of (30/(-8))/(12/i)?
1
Suppose -3*y + 4*s + 3 = 0, -3*s - 1 = -2*y + y. What is the units digit of (-330)/(-18) - y/3?
8
Let q(p) = 12*p - 2. What is the tens digit of q(6)?
7
Suppose -56 = -4*t + 108. What is the tens digit of t?
4
Suppose 0 = 2*j + 4*w - 144, -4*j + 294 = 9*w - 7*w. What is the tens digit of j?
7
Suppose -1 = 4*w + 7. Suppose -o - 4*n = o + 22, 3*o - 2 = n. What is the units digit of o + (-12)/w - -1?
6
Suppose 3*i = -i. Suppose -2*r - 2*r + 96 = i. What is the units digit of r?
4
Let s(p) = -4*p + 4. Let x(o) = o**2. Let c(m) = -s(m) + x(m). Suppose -3*n = -5*n - 12. 